 17, 31
Let g(b) = -46*b - 29. What are the prime factors of g(-7)?
293
What are the prime factors of 1/7 - ((-5557)/7 + -9)?
11, 73
Let l be (1 - 4/12)*3. Suppose 0 = -l*s - s + 96. What are the prime factors of s?
2
Let w(l) be the first derivative of l**2 + l + 9. What are the prime factors of w(10)?
3, 7
Suppose -m + 2*m = d - 3839, -11501 = -3*d - m. List the prime factors of d.
5, 13, 59
Let n = 973 + -563. What are the prime factors of n?
2, 5, 41
Suppose 5*y - 5 = 10. Suppose 4*z = c + 18, 3*c + 4 = y*z - z. Suppose 4*p = -c*g + 60, 5*g - 2*p - 139 = 11. What are the prime factors of g?
2, 3, 5
Let f(t) = 3 - 5 + 6*t**2 - 2*t + 3*t - 4*t. Let q(h) = -h**2 - 1. Let r(k) = f(k) + 2*q(k). List the prime factors of r(-2).
2, 3
Let h = 1763 - 1002. What are the prime factors of h?
761
Let i(s) = -s**3 + 13*s**2 + 2*s - 10. Let y be i(13). Let p be 36/10 - (-2)/5. Suppose 2*m - y - p = 0. List the prime factors of m.
2, 5
Suppose 3*g + 5*w - 1945 = 0, 8*g = 4*g + 4*w + 2604. What are the prime factors of g?
2, 5, 13
Suppose l - 88 = 2*x, 0 = -l - 0*x - 2*x + 84. Let b = l + -27. List the prime factors of b.
59
Let x(t) = -2*t**3 - 2*t**2 - t + 2. Let q be x(-2). Suppose -288 = q*l - 2112. List the prime factors of l.
2, 19
Let x = 408 + -202. What are the prime factors of x?
2, 103
Let n(d) = -d**2 - 8*d - 1. Let o be n(-5). List the prime factors of 4/o - (-1144)/14.
2, 41
Let h = 147 + -285. Let p = h + 159. What are the prime factors of p?
3, 7
Suppose -n = 14 - 11. Let a be -2 + (-2292)/4 + n. What are the prime factors of a/(-16) - (-15)/(-120)?
2, 3
Suppose -18 = -10*d + 12. Suppose 15*a = d*a + 768. What are the prime factors of a?
2
Let r(c) = 7*c**2 - 7*c**2 + 3*c**2 + 3*c + 7*c**2 - 15 + 2*c**3. Let j be r(-7). List the prime factors of j/(-13) + (-4)/(-26).
2, 3
Let c(n) = -3*n**2 - 12*n + 3. Let f be c(6). Let j = f + 323. What are the prime factors of j?
2, 73
Suppose 33 - 117 = l. Let x be (-4)/3*(-31 - 74). Let u = x + l. What are the prime factors of u?
2, 7
Suppose 3*w = 12, -3*u = -2*w + 3*w - 1165. What are the prime factors of u?
3, 43
Suppose -6*l - 5130 = -11*l. What are the prime factors of l?
2, 3, 19
Let d be -2 + 3 - (-1)/(-1 - 0). Suppose 2*q + d*o - 104 = -2*o, -2*q + 108 = 4*o. What are the prime factors of q?
2, 5
Suppose 5*x - 10 = -5*y, 2*x - 6 = -2*y - 2*y. Let p be (-2)/(-4)*18 - y. Let t = p - -6. List the prime factors of t.
2, 7
Let t(k) = -15*k**3 + 6*k**2 - 6*k - 11. List the prime factors of t(-4).
1069
Let r(j) = -j**3 - 4*j**2 + j + 4. Let y be r(-4). Suppose 0 = d - 5*t - 43 - 43, y = 5*d - 5*t - 510. What are the prime factors of d?
2, 53
Let o be (48/(-8))/(3/(-2)). Let d = o - -40. What are the prime factors of d?
2, 11
What are the prime factors of 1289 + 0 + 5 - 0/(-1)?
2, 647
Let z(k) = -3*k - 6. Let p be z(6). Let x = 16 + p. Let d(o) = -o**3 - 8*o**2 - o - 4. What are the prime factors of d(x)?
2
Suppose 47*u + 10 = 52*u. Suppose y - 3*v - 283 = 0, u*v = -y + 4*v + 285. List the prime factors of y.
17
Let z(o) = 2*o**3 + 7*o**2 - 6*o - 1. List the prime factors of z(6).
647
Let v(k) = 115*k - 60. What are the prime factors of v(14)?
2, 5, 31
What are the prime factors of -264*((-117)/18 - 1)?
2, 3, 5, 11
Suppose 4*i - v - v = 834, -5*v - 629 = -3*i. List the prime factors of 5 - (-2 + (-3 - i)).
2, 109
Let f(y) = 3*y + 1. Let w be f(5). Let a be (-134)/(-10) - w/40. Let r = a - 1. What are the prime factors of r?
2, 3
Suppose -523 + 181 = -9*p. Suppose 4*x = -5*q + 121, -q + x + p = q. List the prime factors of q.
3, 7
Let j(p) = p**3 + 18*p**2 - p + 7. List the prime factors of j(-13).
5, 173
Let l(n) = 4*n**2 - 15*n + 73. List the prime factors of l(18).
7, 157
Let p = 46 + -78. Let h = p + 37. List the prime factors of h.
5
Suppose -5*a + 4*m - 330 = 2*m, -3*m = -3*a - 189. Let v = a + 165. List the prime factors of v.
97
Suppose -t = -6*t + 1460. Let x = t + -202. What are the prime factors of x?
2, 3, 5
Let f(x) = x - 7. Let o be f(0). Let t = -4 - o. Suppose p + t = 0, 5*u - 3*p = -2*p + 73. List the prime factors of u.
2, 7
Suppose 3*t = 0, -4*g - 2*t - t - 24 = 0. Let z be 8/3*g/(-8). Suppose 0 = o - 4*w - 45, z*w = -0*w - 10. What are the prime factors of o?
5
Suppose 152 = 4*g - 6*g. Let j = g - -147. What are the prime factors of j?
71
Let y be (-14)/(-5) + (-1)/(-5). Suppose -4 = s, y*l - 2*s - 197 = 27. Suppose -5*w = w - l. List the prime factors of w.
2, 3
Suppose 9*l - 14*l = -2380. Suppose -5*c + l = 46. List the prime factors of c.
2, 43
Let q = -48 + 37. Let u(b) = b**2 + 5*b + 1. List the prime factors of u(q).
67
Suppose 2553 = 4*l - 5*b, 4*l - 2*b + 1003 = 3565. List the prime factors of l.
2, 3, 107
Let s(a) = -2*a**2 + 82*a - 48. Let t be s(41). Suppose 5 = 2*u + 31. Let f = u - t. List the prime factors of f.
5, 7
Suppose -4*f = 4 - 12. Suppose -f*k - k + 125 = 4*o, -5*k = 4*o - 115. What are the prime factors of o?
5, 7
Suppose -6*j + 629 = -1471. What are the prime factors of j?
2, 5, 7
Suppose 0 = -0*d - 3*d - 15. Let r(v) = -v**2 - 19*v + 2. List the prime factors of r(d).
2, 3
Suppose 4*d = a + 781 - 3225, 2*a = -d + 4906. What are the prime factors of a?
2, 613
Let j(z) = -z**2 - 3*z + 5. Let f be j(2). List the prime factors of 1 + 0 + f - (-1 - 159).
2, 3, 13
Let j = -20 - -26. Suppose 10*z - 13*z = -j. What are the prime factors of (-1 + z)*(-470)/(-10)?
47
Let i = 41 + -31. What are the prime factors of (-1 + 3)*615/i?
3, 41
Suppose 105 - 1 = 2*h. Let x be (-8)/h - 37/13. List the prime factors of (-134)/(-6) - 2/x.
23
Suppose 9 = -31*w + 34*w. Suppose j + 4*i + 302 = 4*j, 3*j + w*i - 309 = 0. List the prime factors of j.
2, 3, 17
Suppose w + 3*w + 3*y = 3239, 2*y = -6. What are the prime factors of w?
2, 7, 29
Suppose -10*l = 5*l - 24780. What are the prime factors of l?
2, 7, 59
Let r(j) = j**2 + 16*j - 61. List the prime factors of r(14).
359
Let x be 3/2*16/12. Let g be 4 + -1 + 2/(-2). Suppose o - x*o = 5*k - 9, o + g*k - 6 = 0. List the prime factors of o.
2
Suppose 0 = -4*x + 1824 + 468. What are the prime factors of x?
3, 191
Let u(x) = -x**3 - 4*x**2 + 6*x + 5. Let j be u(-5). Suppose j = 6*p - 7*p + 98. What are the prime factors of p?
2, 7
Let g(z) = z**2 - 8*z + 20. Suppose 0 = y - 2*h - 6, 2*y + 3*h - 20 = -h. List the prime factors of g(y).
2, 5
Let z(v) = v**2 - 8*v + 20 + 7*v - 7*v - 9. Let w be z(7). Suppose -w - 181 = -5*y. What are the prime factors of y?
37
Suppose 5*p = -c + 2*c + 18, 22 = 4*p + 3*c. Suppose 7*w - p*w - 84 = -3*s, 3*w = 2*s + 59. What are the prime factors of w?
23
Suppose 4105 = b + 3*b - p, -5126 = -5*b - 4*p. List the prime factors of b.
2, 3, 19
Let g(b) = -b**3 + 7*b**2 - 6*b + 8. Let q be g(6). Let d be q/(-6) + (-2487)/(-9). Suppose 6*y = y + d. List the prime factors of y.
5, 11
Let u be (-2)/(-4) - (-258)/12. What are the prime factors of 352/(-24)*(u/(-4) + -2)?
2, 5, 11
Suppose -5*l = -5*f - 1843 - 2707, -4568 = -5*l - f. List the prime factors of l.
11, 83
Let b(p) = 2*p + 9. Let v be b(-2). Suppose 5*u + 4*o + 63 = 255, v*u = 2*o + 204. List the prime factors of u.
2, 5
Let q(l) = l**2 - 6*l + 9. Let u be q(14). Suppose -s + 5*s = 4*n - 312, u = 2*n + 5*s. What are the prime factors of n?
73
Let c(i) = 31*i - 14. Let o(l) = 15*l - 7. Let x(t) = 4*c(t) - 9*o(t). Let j(m) = m**2 - 3*m - 31. Let n be j(7). What are the prime factors of x(n)?
2, 5
Suppose 0 = 68*v - 70*v + 1072. What are the prime factors of v?
2, 67
Let w = -361 + 683. List the prime factors of w.
2, 7, 23
Let p = -11 - -4. Let f = -5 - p. Suppose 4*z = 3*g + 5*z - 125, 4*g = -f*z + 170. What are the prime factors of g?
2, 5
Let p(k) = 0*k - 6*k + 3*k + 10 + k. Let s be p(6). List the prime factors of 5 + -2 + (-42)/s.
2, 3
Suppose 7*a + 54462 = 36*a. List the prime factors of a.
2, 3, 313
Let j(d) = d - 11. Let v be j(7). Let r be 0 - (v + 3 + -13). Suppose 42 = 4*w + r. What are the prime factors of w?
7
Suppose -5*u + 3*h + 3131 = -13222, 3 = -3*h. What are the prime factors of u?
2, 3, 5, 109
Let r(t) = -13*t**2 - 1. Let k be r(1). Let p = k + 25. What are the prime factors of p?
11
Let m = 542 - 277. Let d = 551 - m. List the prime factors of d.
2, 11, 13
Suppose -4*c - 19 = -3*c. Let j = c + 22. List the prime factors of (j/(-6))/(1